{"id":6236,"date":"2025-05-05T08:29:16","date_gmt":"2025-05-05T07:29:16","guid":{"rendered":"https:\/\/studionotable.tv\/_portfolio\/el-talent-no-te-genere\/"},"modified":"2025-11-17T17:12:16","modified_gmt":"2025-11-17T16:12:16","slug":"el-talent-no-te-genere","status":"publish","type":"_portfolio","link":"https:\/\/studionotable.tv\/ca\/_portfolio\/el-talent-no-te-genere\/","title":{"rendered":"El talent no t\u00e9 g\u00e8nere"},"featured_media":0,"template":"elementor_header_footer","_sector":[79,78],"_services":[35,36,37,38],"class_list":["post-6236","_portfolio","type-_portfolio","status-publish","hentry","_sector-govern","_sector-institucions","_services-animacio-2d","_services-direccio-artistica","_services-illustracio","_services-motion-design-ca"],"yoast_head":"<!-- This site is optimized with the Yoast SEO plugin v27.2 - https:\/\/yoast.com\/product\/yoast-seo-wordpress\/ -->\n<title>El talent no t\u00e9 g\u00e8nere - Notable<\/title>\n<meta name=\"description\" content=\"Un v\u00eddeo animat amb perspectiva de g\u00e8nere neutra dissenyat per al Ministeri de Relacions Institucionals d\u2019Andorra. Vam utilitzar formes abstractes i visuals inclusius per transmetre un missatge potent sobre la igualtat.\" \/>\n<meta name=\"robots\" content=\"index, follow, max-snippet:-1, max-image-preview:large, max-video-preview:-1\" \/>\n<link rel=\"canonical\" href=\"https:\/\/studionotable.tv\/ca\/_portfolio\/el-talent-no-te-genere\/\" \/>\n<meta property=\"og:locale\" content=\"ca_ES\" \/>\n<meta property=\"og:type\" content=\"article\" \/>\n<meta property=\"og:title\" content=\"El talent no t\u00e9 g\u00e8nere - Notable\" \/>\n<meta property=\"og:description\" content=\"Un v\u00eddeo animat amb perspectiva de g\u00e8nere neutra dissenyat per al Ministeri de Relacions Institucionals d\u2019Andorra. Vam utilitzar formes abstractes i visuals inclusius per transmetre un missatge potent sobre la igualtat.\" \/>\n<meta property=\"og:url\" content=\"https:\/\/studionotable.tv\/ca\/_portfolio\/el-talent-no-te-genere\/\" \/>\n<meta property=\"og:site_name\" content=\"Notable\" \/>\n<meta property=\"article:modified_time\" content=\"2025-11-17T16:12:16+00:00\" \/>\n<meta name=\"twitter:card\" content=\"summary_large_image\" \/>\n<meta name=\"twitter:label1\" content=\"Temps estimat de lectura\" \/>\n\t<meta name=\"twitter:data1\" content=\"1 minut\" \/>\n<script type=\"application\/ld+json\" class=\"yoast-schema-graph\">{\"@context\":\"https:\/\/schema.org\",\"@graph\":[{\"@type\":\"WebPage\",\"@id\":\"https:\/\/studionotable.tv\/ca\/_portfolio\/el-talent-no-te-genere\/\",\"url\":\"https:\/\/studionotable.tv\/ca\/_portfolio\/el-talent-no-te-genere\/\",\"name\":\"El talent no t\u00e9 g\u00e8nere - Notable\",\"isPartOf\":{\"@id\":\"https:\/\/studionotable.tv\/ca\/#website\"},\"datePublished\":\"2025-05-05T07:29:16+00:00\",\"dateModified\":\"2025-11-17T16:12:16+00:00\",\"description\":\"Un v\u00eddeo animat amb perspectiva de g\u00e8nere neutra dissenyat per al Ministeri de Relacions Institucionals d\u2019Andorra. Vam utilitzar formes abstractes i visuals inclusius per transmetre un missatge potent sobre la igualtat.\",\"breadcrumb\":{\"@id\":\"https:\/\/studionotable.tv\/ca\/_portfolio\/el-talent-no-te-genere\/#breadcrumb\"},\"inLanguage\":\"ca\",\"potentialAction\":[{\"@type\":\"ReadAction\",\"target\":[\"https:\/\/studionotable.tv\/ca\/_portfolio\/el-talent-no-te-genere\/\"]}]},{\"@type\":\"BreadcrumbList\",\"@id\":\"https:\/\/studionotable.tv\/ca\/_portfolio\/el-talent-no-te-genere\/#breadcrumb\",\"itemListElement\":[{\"@type\":\"ListItem\",\"position\":1,\"name\":\"Home\",\"item\":\"https:\/\/studionotable.tv\/ca\/inici\/\"},{\"@type\":\"ListItem\",\"position\":2,\"name\":\"Portfolio\",\"item\":\"https:\/\/studionotable.tv\/ca\/_portfolio\/\"},{\"@type\":\"ListItem\",\"position\":3,\"name\":\"El talent no t\u00e9 g\u00e8nere\"}]},{\"@type\":\"WebSite\",\"@id\":\"https:\/\/studionotable.tv\/ca\/#website\",\"url\":\"https:\/\/studionotable.tv\/ca\/\",\"name\":\"https:\/\/studionotable.tv\/\",\"description\":\"\",\"publisher\":{\"@id\":\"https:\/\/studionotable.tv\/ca\/#organization\"},\"potentialAction\":[{\"@type\":\"SearchAction\",\"target\":{\"@type\":\"EntryPoint\",\"urlTemplate\":\"https:\/\/studionotable.tv\/ca\/?s={search_term_string}\"},\"query-input\":{\"@type\":\"PropertyValueSpecification\",\"valueRequired\":true,\"valueName\":\"search_term_string\"}}],\"inLanguage\":\"ca\"},{\"@type\":\"Organization\",\"@id\":\"https:\/\/studionotable.tv\/ca\/#organization\",\"name\":\"Notable Studio\",\"url\":\"https:\/\/studionotable.tv\/ca\/\",\"logo\":{\"@type\":\"ImageObject\",\"inLanguage\":\"ca\",\"@id\":\"https:\/\/studionotable.tv\/ca\/#\/schema\/logo\/image\/\",\"url\":\"https:\/\/studionotable.tv\/wp-content\/uploads\/2022\/01\/logo-notable-h.svg\",\"contentUrl\":\"https:\/\/studionotable.tv\/wp-content\/uploads\/2022\/01\/logo-notable-h.svg\",\"width\":401.46,\"height\":144.41,\"caption\":\"Notable Studio\"},\"image\":{\"@id\":\"https:\/\/studionotable.tv\/ca\/#\/schema\/logo\/image\/\"},\"sameAs\":[\"https:\/\/www.instagram.com\/notablestudio.tv\/\",\"https:\/\/www.behance.net\/studionotable\",\"https:\/\/vimeo.com\/studionotable\"]}]}<\/script>\n<!-- \/ Yoast SEO plugin. -->","yoast_head_json":{"title":"El talent no t\u00e9 g\u00e8nere - Notable","description":"Un v\u00eddeo animat amb perspectiva de g\u00e8nere neutra dissenyat per al Ministeri de Relacions Institucionals d\u2019Andorra. Vam utilitzar formes abstractes i visuals inclusius per transmetre un missatge potent sobre la igualtat.","robots":{"index":"index","follow":"follow","max-snippet":"max-snippet:-1","max-image-preview":"max-image-preview:large","max-video-preview":"max-video-preview:-1"},"canonical":"https:\/\/studionotable.tv\/ca\/_portfolio\/el-talent-no-te-genere\/","og_locale":"ca_ES","og_type":"article","og_title":"El talent no t\u00e9 g\u00e8nere - Notable","og_description":"Un v\u00eddeo animat amb perspectiva de g\u00e8nere neutra dissenyat per al Ministeri de Relacions Institucionals d\u2019Andorra. Vam utilitzar formes abstractes i visuals inclusius per transmetre un missatge potent sobre la igualtat.","og_url":"https:\/\/studionotable.tv\/ca\/_portfolio\/el-talent-no-te-genere\/","og_site_name":"Notable","article_modified_time":"2025-11-17T16:12:16+00:00","twitter_card":"summary_large_image","twitter_misc":{"Temps estimat de lectura":"1 minut"},"schema":{"@context":"https:\/\/schema.org","@graph":[{"@type":"WebPage","@id":"https:\/\/studionotable.tv\/ca\/_portfolio\/el-talent-no-te-genere\/","url":"https:\/\/studionotable.tv\/ca\/_portfolio\/el-talent-no-te-genere\/","name":"El talent no t\u00e9 g\u00e8nere - Notable","isPartOf":{"@id":"https:\/\/studionotable.tv\/ca\/#website"},"datePublished":"2025-05-05T07:29:16+00:00","dateModified":"2025-11-17T16:12:16+00:00","description":"Un v\u00eddeo animat amb perspectiva de g\u00e8nere neutra dissenyat per al Ministeri de Relacions Institucionals d\u2019Andorra. Vam utilitzar formes abstractes i visuals inclusius per transmetre un missatge potent sobre la igualtat.","breadcrumb":{"@id":"https:\/\/studionotable.tv\/ca\/_portfolio\/el-talent-no-te-genere\/#breadcrumb"},"inLanguage":"ca","potentialAction":[{"@type":"ReadAction","target":["https:\/\/studionotable.tv\/ca\/_portfolio\/el-talent-no-te-genere\/"]}]},{"@type":"BreadcrumbList","@id":"https:\/\/studionotable.tv\/ca\/_portfolio\/el-talent-no-te-genere\/#breadcrumb","itemListElement":[{"@type":"ListItem","position":1,"name":"Home","item":"https:\/\/studionotable.tv\/ca\/inici\/"},{"@type":"ListItem","position":2,"name":"Portfolio","item":"https:\/\/studionotable.tv\/ca\/_portfolio\/"},{"@type":"ListItem","position":3,"name":"El talent no t\u00e9 g\u00e8nere"}]},{"@type":"WebSite","@id":"https:\/\/studionotable.tv\/ca\/#website","url":"https:\/\/studionotable.tv\/ca\/","name":"https:\/\/studionotable.tv\/","description":"","publisher":{"@id":"https:\/\/studionotable.tv\/ca\/#organization"},"potentialAction":[{"@type":"SearchAction","target":{"@type":"EntryPoint","urlTemplate":"https:\/\/studionotable.tv\/ca\/?s={search_term_string}"},"query-input":{"@type":"PropertyValueSpecification","valueRequired":true,"valueName":"search_term_string"}}],"inLanguage":"ca"},{"@type":"Organization","@id":"https:\/\/studionotable.tv\/ca\/#organization","name":"Notable Studio","url":"https:\/\/studionotable.tv\/ca\/","logo":{"@type":"ImageObject","inLanguage":"ca","@id":"https:\/\/studionotable.tv\/ca\/#\/schema\/logo\/image\/","url":"https:\/\/studionotable.tv\/wp-content\/uploads\/2022\/01\/logo-notable-h.svg","contentUrl":"https:\/\/studionotable.tv\/wp-content\/uploads\/2022\/01\/logo-notable-h.svg","width":401.46,"height":144.41,"caption":"Notable Studio"},"image":{"@id":"https:\/\/studionotable.tv\/ca\/#\/schema\/logo\/image\/"},"sameAs":["https:\/\/www.instagram.com\/notablestudio.tv\/","https:\/\/www.behance.net\/studionotable","https:\/\/vimeo.com\/studionotable"]}]}},"_links":{"self":[{"href":"https:\/\/studionotable.tv\/ca\/wp-json\/wp\/v2\/_portfolio\/6236","targetHints":{"allow":["GET"]}}],"collection":[{"href":"https:\/\/studionotable.tv\/ca\/wp-json\/wp\/v2\/_portfolio"}],"about":[{"href":"https:\/\/studionotable.tv\/ca\/wp-json\/wp\/v2\/types\/_portfolio"}],"version-history":[{"count":6,"href":"https:\/\/studionotable.tv\/ca\/wp-json\/wp\/v2\/_portfolio\/6236\/revisions"}],"predecessor-version":[{"id":6521,"href":"https:\/\/studionotable.tv\/ca\/wp-json\/wp\/v2\/_portfolio\/6236\/revisions\/6521"}],"wp:attachment":[{"href":"https:\/\/studionotable.tv\/ca\/wp-json\/wp\/v2\/media?parent=6236"}],"wp:term":[{"taxonomy":"_sector","embeddable":true,"href":"https:\/\/studionotable.tv\/ca\/wp-json\/wp\/v2\/_sector?post=6236"},{"taxonomy":"_services","embeddable":true,"href":"https:\/\/studionotable.tv\/ca\/wp-json\/wp\/v2\/_services?post=6236"}],"curies":[{"name":"wp","href":"https:\/\/api.w.org\/{rel}","templated":true}]}}

El talent no té gènere

<!-- This site is optimized with the Yoast SEO plugin v27.2 - https://yoast.com/product/yoast-seo-wordpress/ -->
<title>El talent no té gènere - Notable</title>
<meta name="description" content="Un vídeo animat amb perspectiva de gènere neutra dissenyat per al Ministeri de Relacions Institucionals d’Andorra. Vam utilitzar formes abstractes i visuals inclusius per transmetre un missatge potent sobre la igualtat." />
<meta name="robots" content="index, follow, max-snippet:-1, max-image-preview:large, max-video-preview:-1" />
<link rel="canonical" href="https://studionotable.tv/ca/_portfolio/el-talent-no-te-genere/" />
<meta property="og:locale" content="ca_ES" />
<meta property="og:type" content="article" />
<meta property="og:title" content="El talent no té gènere - Notable" />
<meta property="og:description" content="Un vídeo animat amb perspectiva de gènere neutra dissenyat per al Ministeri de Relacions Institucionals d’Andorra. Vam utilitzar formes abstractes i visuals inclusius per transmetre un missatge potent sobre la igualtat." />
<meta property="og:url" content="https://studionotable.tv/ca/_portfolio/el-talent-no-te-genere/" />
<meta property="og:site_name" content="Notable" />
<meta property="article:modified_time" content="2025-11-17T16:12:16+00:00" />
<meta name="twitter:card" content="summary_large_image" />
<meta name="twitter:label1" content="Temps estimat de lectura" />
	<meta name="twitter:data1" content="1 minut" />
<script type="application/ld+json" class="yoast-schema-graph">{"@context":"https://schema.org","@graph":[{"@type":"WebPage","@id":"https://studionotable.tv/ca/_portfolio/el-talent-no-te-genere/","url":"https://studionotable.tv/ca/_portfolio/el-talent-no-te-genere/","name":"El talent no té gènere - Notable","isPartOf":{"@id":"https://studionotable.tv/ca/#website"},"datePublished":"2025-05-05T07:29:16+00:00","dateModified":"2025-11-17T16:12:16+00:00","description":"Un vídeo animat amb perspectiva de gènere neutra dissenyat per al Ministeri de Relacions Institucionals d’Andorra. Vam utilitzar formes abstractes i visuals inclusius per transmetre un missatge potent sobre la igualtat.","breadcrumb":{"@id":"https://studionotable.tv/ca/_portfolio/el-talent-no-te-genere/#breadcrumb"},"inLanguage":"ca","potentialAction":[{"@type":"ReadAction","target":["https://studionotable.tv/ca/_portfolio/el-talent-no-te-genere/"]}]},{"@type":"BreadcrumbList","@id":"https://studionotable.tv/ca/_portfolio/el-talent-no-te-genere/#breadcrumb","itemListElement":[{"@type":"ListItem","position":1,"name":"Home","item":"https://studionotable.tv/ca/inici/"},{"@type":"ListItem","position":2,"name":"Portfolio","item":"https://studionotable.tv/ca/_portfolio/"},{"@type":"ListItem","position":3,"name":"El talent no té gènere"}]},{"@type":"WebSite","@id":"https://studionotable.tv/ca/#website","url":"https://studionotable.tv/ca/","name":"https://studionotable.tv/","description":"","publisher":{"@id":"https://studionotable.tv/ca/#organization"},"potentialAction":[{"@type":"SearchAction","target":{"@type":"EntryPoint","urlTemplate":"https://studionotable.tv/ca/?s={search_term_string}"},"query-input":{"@type":"PropertyValueSpecification","valueRequired":true,"valueName":"search_term_string"}}],"inLanguage":"ca"},{"@type":"Organization","@id":"https://studionotable.tv/ca/#organization","name":"Notable Studio","url":"https://studionotable.tv/ca/","logo":{"@type":"ImageObject","inLanguage":"ca","@id":"https://studionotable.tv/ca/#/schema/logo/image/","url":"https://studionotable.tv/wp-content/uploads/2022/01/logo-notable-h.svg","contentUrl":"https://studionotable.tv/wp-content/uploads/2022/01/logo-notable-h.svg","width":401.46,"height":144.41,"caption":"Notable Studio"},"image":{"@id":"https://studionotable.tv/ca/#/schema/logo/image/"},"sameAs":["https://www.instagram.com/notablestudio.tv/","https://www.behance.net/studionotable","https://vimeo.com/studionotable"]}]}</script>
<!-- / Yoast SEO plugin. -->

El talent no té gènere - Notable

Un vídeo animat amb perspectiva de gènere neutra dissenyat per al Ministeri de Relacions Institucionals d’Andorra. Vam utilitzar formes abstractes i visuals inclusius per transmetre un missatge potent sobre la igualtat.
