{"id":5444,"date":"2025-05-01T08:16:21","date_gmt":"2025-05-01T07:16:21","guid":{"rendered":"https:\/\/studionotable.tv\/_portfolio\/educacio-financera\/"},"modified":"2025-05-14T09:39:26","modified_gmt":"2025-05-14T08:39:26","slug":"educacio-financera","status":"publish","type":"_portfolio","link":"https:\/\/studionotable.tv\/ca\/_portfolio\/educacio-financera\/","title":{"rendered":"Educaci\u00f3 financera"},"featured_media":0,"template":"elementor_header_footer","_sector":[104],"_services":[105,38],"class_list":["post-5444","_portfolio","type-_portfolio","status-publish","hentry","_sector-televisio","_services-identitat-visual","_services-motion-design-ca"],"yoast_head":"<!-- This site is optimized with the Yoast SEO plugin v27.2 - https:\/\/yoast.com\/product\/yoast-seo-wordpress\/ -->\n<title>Educaci\u00f3 financera - Notable<\/title>\n<meta name=\"description\" content=\"Motion Graphics per al programa de TV3 sobre educaci\u00f3 financera, combinant visuals clars i un disseny din\u00e0mic per fer que els conceptes complexos siguin f\u00e0cils d&#039;entendre.\" \/>\n<meta name=\"robots\" content=\"index, follow, max-snippet:-1, max-image-preview:large, max-video-preview:-1\" \/>\n<link rel=\"canonical\" href=\"https:\/\/studionotable.tv\/ca\/_portfolio\/educacio-financera\/\" \/>\n<meta property=\"og:locale\" content=\"ca_ES\" \/>\n<meta property=\"og:type\" content=\"article\" \/>\n<meta property=\"og:title\" content=\"Educaci\u00f3 financera - Notable\" \/>\n<meta property=\"og:description\" content=\"Motion Graphics per al programa de TV3 sobre educaci\u00f3 financera, combinant visuals clars i un disseny din\u00e0mic per fer que els conceptes complexos siguin f\u00e0cils d&#039;entendre.\" \/>\n<meta property=\"og:url\" content=\"https:\/\/studionotable.tv\/ca\/_portfolio\/educacio-financera\/\" \/>\n<meta property=\"og:site_name\" content=\"Notable\" \/>\n<meta property=\"article:modified_time\" content=\"2025-05-14T08:39:26+00:00\" \/>\n<meta property=\"og:image\" content=\"https:\/\/studionotable.tv\/wp-content\/uploads\/2025\/05\/color-3cat.webp\" \/>\n\t<meta property=\"og:image:width\" content=\"1563\" \/>\n\t<meta property=\"og:image:height\" content=\"131\" \/>\n\t<meta property=\"og:image:type\" content=\"image\/webp\" \/>\n<meta name=\"twitter:card\" content=\"summary_large_image\" \/>\n<meta name=\"twitter:label1\" content=\"Temps estimat de lectura\" \/>\n\t<meta name=\"twitter:data1\" content=\"1 minut\" \/>\n<script type=\"application\/ld+json\" class=\"yoast-schema-graph\">{\"@context\":\"https:\/\/schema.org\",\"@graph\":[{\"@type\":\"WebPage\",\"@id\":\"https:\/\/studionotable.tv\/ca\/_portfolio\/educacio-financera\/\",\"url\":\"https:\/\/studionotable.tv\/ca\/_portfolio\/educacio-financera\/\",\"name\":\"Educaci\u00f3 financera - Notable\",\"isPartOf\":{\"@id\":\"https:\/\/studionotable.tv\/ca\/#website\"},\"primaryImageOfPage\":{\"@id\":\"https:\/\/studionotable.tv\/ca\/_portfolio\/educacio-financera\/#primaryimage\"},\"image\":{\"@id\":\"https:\/\/studionotable.tv\/ca\/_portfolio\/educacio-financera\/#primaryimage\"},\"thumbnailUrl\":\"https:\/\/studionotable.tv\/wp-content\/uploads\/2025\/05\/color-3cat.webp\",\"datePublished\":\"2025-05-01T07:16:21+00:00\",\"dateModified\":\"2025-05-14T08:39:26+00:00\",\"description\":\"Motion Graphics per al programa de TV3 sobre educaci\u00f3 financera, combinant visuals clars i un disseny din\u00e0mic per fer que els conceptes complexos siguin f\u00e0cils d'entendre.\",\"breadcrumb\":{\"@id\":\"https:\/\/studionotable.tv\/ca\/_portfolio\/educacio-financera\/#breadcrumb\"},\"inLanguage\":\"ca\",\"potentialAction\":[{\"@type\":\"ReadAction\",\"target\":[\"https:\/\/studionotable.tv\/ca\/_portfolio\/educacio-financera\/\"]}]},{\"@type\":\"ImageObject\",\"inLanguage\":\"ca\",\"@id\":\"https:\/\/studionotable.tv\/ca\/_portfolio\/educacio-financera\/#primaryimage\",\"url\":\"https:\/\/studionotable.tv\/wp-content\/uploads\/2025\/05\/color-3cat.webp\",\"contentUrl\":\"https:\/\/studionotable.tv\/wp-content\/uploads\/2025\/05\/color-3cat.webp\"},{\"@type\":\"BreadcrumbList\",\"@id\":\"https:\/\/studionotable.tv\/ca\/_portfolio\/educacio-financera\/#breadcrumb\",\"itemListElement\":[{\"@type\":\"ListItem\",\"position\":1,\"name\":\"Home\",\"item\":\"https:\/\/studionotable.tv\/ca\/inici\/\"},{\"@type\":\"ListItem\",\"position\":2,\"name\":\"Portfolio\",\"item\":\"https:\/\/studionotable.tv\/ca\/_portfolio\/\"},{\"@type\":\"ListItem\",\"position\":3,\"name\":\"Educaci\u00f3 financera\"}]},{\"@type\":\"WebSite\",\"@id\":\"https:\/\/studionotable.tv\/ca\/#website\",\"url\":\"https:\/\/studionotable.tv\/ca\/\",\"name\":\"https:\/\/studionotable.tv\/\",\"description\":\"\",\"publisher\":{\"@id\":\"https:\/\/studionotable.tv\/ca\/#organization\"},\"potentialAction\":[{\"@type\":\"SearchAction\",\"target\":{\"@type\":\"EntryPoint\",\"urlTemplate\":\"https:\/\/studionotable.tv\/ca\/?s={search_term_string}\"},\"query-input\":{\"@type\":\"PropertyValueSpecification\",\"valueRequired\":true,\"valueName\":\"search_term_string\"}}],\"inLanguage\":\"ca\"},{\"@type\":\"Organization\",\"@id\":\"https:\/\/studionotable.tv\/ca\/#organization\",\"name\":\"Notable Studio\",\"url\":\"https:\/\/studionotable.tv\/ca\/\",\"logo\":{\"@type\":\"ImageObject\",\"inLanguage\":\"ca\",\"@id\":\"https:\/\/studionotable.tv\/ca\/#\/schema\/logo\/image\/\",\"url\":\"https:\/\/studionotable.tv\/wp-content\/uploads\/2022\/01\/logo-notable-h.svg\",\"contentUrl\":\"https:\/\/studionotable.tv\/wp-content\/uploads\/2022\/01\/logo-notable-h.svg\",\"width\":401.46,\"height\":144.41,\"caption\":\"Notable Studio\"},\"image\":{\"@id\":\"https:\/\/studionotable.tv\/ca\/#\/schema\/logo\/image\/\"},\"sameAs\":[\"https:\/\/www.instagram.com\/notablestudio.tv\/\",\"https:\/\/www.behance.net\/studionotable\",\"https:\/\/vimeo.com\/studionotable\"]}]}<\/script>\n<!-- \/ Yoast SEO plugin. -->","yoast_head_json":{"title":"Educaci\u00f3 financera - Notable","description":"Motion Graphics per al programa de TV3 sobre educaci\u00f3 financera, combinant visuals clars i un disseny din\u00e0mic per fer que els conceptes complexos siguin f\u00e0cils d'entendre.","robots":{"index":"index","follow":"follow","max-snippet":"max-snippet:-1","max-image-preview":"max-image-preview:large","max-video-preview":"max-video-preview:-1"},"canonical":"https:\/\/studionotable.tv\/ca\/_portfolio\/educacio-financera\/","og_locale":"ca_ES","og_type":"article","og_title":"Educaci\u00f3 financera - Notable","og_description":"Motion Graphics per al programa de TV3 sobre educaci\u00f3 financera, combinant visuals clars i un disseny din\u00e0mic per fer que els conceptes complexos siguin f\u00e0cils d'entendre.","og_url":"https:\/\/studionotable.tv\/ca\/_portfolio\/educacio-financera\/","og_site_name":"Notable","article_modified_time":"2025-05-14T08:39:26+00:00","og_image":[{"width":1563,"height":131,"url":"https:\/\/studionotable.tv\/wp-content\/uploads\/2025\/05\/color-3cat.webp","type":"image\/webp"}],"twitter_card":"summary_large_image","twitter_misc":{"Temps estimat de lectura":"1 minut"},"schema":{"@context":"https:\/\/schema.org","@graph":[{"@type":"WebPage","@id":"https:\/\/studionotable.tv\/ca\/_portfolio\/educacio-financera\/","url":"https:\/\/studionotable.tv\/ca\/_portfolio\/educacio-financera\/","name":"Educaci\u00f3 financera - Notable","isPartOf":{"@id":"https:\/\/studionotable.tv\/ca\/#website"},"primaryImageOfPage":{"@id":"https:\/\/studionotable.tv\/ca\/_portfolio\/educacio-financera\/#primaryimage"},"image":{"@id":"https:\/\/studionotable.tv\/ca\/_portfolio\/educacio-financera\/#primaryimage"},"thumbnailUrl":"https:\/\/studionotable.tv\/wp-content\/uploads\/2025\/05\/color-3cat.webp","datePublished":"2025-05-01T07:16:21+00:00","dateModified":"2025-05-14T08:39:26+00:00","description":"Motion Graphics per al programa de TV3 sobre educaci\u00f3 financera, combinant visuals clars i un disseny din\u00e0mic per fer que els conceptes complexos siguin f\u00e0cils d'entendre.","breadcrumb":{"@id":"https:\/\/studionotable.tv\/ca\/_portfolio\/educacio-financera\/#breadcrumb"},"inLanguage":"ca","potentialAction":[{"@type":"ReadAction","target":["https:\/\/studionotable.tv\/ca\/_portfolio\/educacio-financera\/"]}]},{"@type":"ImageObject","inLanguage":"ca","@id":"https:\/\/studionotable.tv\/ca\/_portfolio\/educacio-financera\/#primaryimage","url":"https:\/\/studionotable.tv\/wp-content\/uploads\/2025\/05\/color-3cat.webp","contentUrl":"https:\/\/studionotable.tv\/wp-content\/uploads\/2025\/05\/color-3cat.webp"},{"@type":"BreadcrumbList","@id":"https:\/\/studionotable.tv\/ca\/_portfolio\/educacio-financera\/#breadcrumb","itemListElement":[{"@type":"ListItem","position":1,"name":"Home","item":"https:\/\/studionotable.tv\/ca\/inici\/"},{"@type":"ListItem","position":2,"name":"Portfolio","item":"https:\/\/studionotable.tv\/ca\/_portfolio\/"},{"@type":"ListItem","position":3,"name":"Educaci\u00f3 financera"}]},{"@type":"WebSite","@id":"https:\/\/studionotable.tv\/ca\/#website","url":"https:\/\/studionotable.tv\/ca\/","name":"https:\/\/studionotable.tv\/","description":"","publisher":{"@id":"https:\/\/studionotable.tv\/ca\/#organization"},"potentialAction":[{"@type":"SearchAction","target":{"@type":"EntryPoint","urlTemplate":"https:\/\/studionotable.tv\/ca\/?s={search_term_string}"},"query-input":{"@type":"PropertyValueSpecification","valueRequired":true,"valueName":"search_term_string"}}],"inLanguage":"ca"},{"@type":"Organization","@id":"https:\/\/studionotable.tv\/ca\/#organization","name":"Notable Studio","url":"https:\/\/studionotable.tv\/ca\/","logo":{"@type":"ImageObject","inLanguage":"ca","@id":"https:\/\/studionotable.tv\/ca\/#\/schema\/logo\/image\/","url":"https:\/\/studionotable.tv\/wp-content\/uploads\/2022\/01\/logo-notable-h.svg","contentUrl":"https:\/\/studionotable.tv\/wp-content\/uploads\/2022\/01\/logo-notable-h.svg","width":401.46,"height":144.41,"caption":"Notable Studio"},"image":{"@id":"https:\/\/studionotable.tv\/ca\/#\/schema\/logo\/image\/"},"sameAs":["https:\/\/www.instagram.com\/notablestudio.tv\/","https:\/\/www.behance.net\/studionotable","https:\/\/vimeo.com\/studionotable"]}]}},"_links":{"self":[{"href":"https:\/\/studionotable.tv\/ca\/wp-json\/wp\/v2\/_portfolio\/5444","targetHints":{"allow":["GET"]}}],"collection":[{"href":"https:\/\/studionotable.tv\/ca\/wp-json\/wp\/v2\/_portfolio"}],"about":[{"href":"https:\/\/studionotable.tv\/ca\/wp-json\/wp\/v2\/types\/_portfolio"}],"version-history":[{"count":2,"href":"https:\/\/studionotable.tv\/ca\/wp-json\/wp\/v2\/_portfolio\/5444\/revisions"}],"predecessor-version":[{"id":6290,"href":"https:\/\/studionotable.tv\/ca\/wp-json\/wp\/v2\/_portfolio\/5444\/revisions\/6290"}],"wp:attachment":[{"href":"https:\/\/studionotable.tv\/ca\/wp-json\/wp\/v2\/media?parent=5444"}],"wp:term":[{"taxonomy":"_sector","embeddable":true,"href":"https:\/\/studionotable.tv\/ca\/wp-json\/wp\/v2\/_sector?post=5444"},{"taxonomy":"_services","embeddable":true,"href":"https:\/\/studionotable.tv\/ca\/wp-json\/wp\/v2\/_services?post=5444"}],"curies":[{"name":"wp","href":"https:\/\/api.w.org\/{rel}","templated":true}]}}

Educació financera

<!-- This site is optimized with the Yoast SEO plugin v27.2 - https://yoast.com/product/yoast-seo-wordpress/ -->
<title>Educació financera - Notable</title>
<meta name="description" content="Motion Graphics per al programa de TV3 sobre educació financera, combinant visuals clars i un disseny dinàmic per fer que els conceptes complexos siguin fàcils d&#039;entendre." />
<meta name="robots" content="index, follow, max-snippet:-1, max-image-preview:large, max-video-preview:-1" />
<link rel="canonical" href="https://studionotable.tv/ca/_portfolio/educacio-financera/" />
<meta property="og:locale" content="ca_ES" />
<meta property="og:type" content="article" />
<meta property="og:title" content="Educació financera - Notable" />
<meta property="og:description" content="Motion Graphics per al programa de TV3 sobre educació financera, combinant visuals clars i un disseny dinàmic per fer que els conceptes complexos siguin fàcils d&#039;entendre." />
<meta property="og:url" content="https://studionotable.tv/ca/_portfolio/educacio-financera/" />
<meta property="og:site_name" content="Notable" />
<meta property="article:modified_time" content="2025-05-14T08:39:26+00:00" />
<meta property="og:image" content="https://studionotable.tv/wp-content/uploads/2025/05/color-3cat.webp" />
	<meta property="og:image:width" content="1563" />
	<meta property="og:image:height" content="131" />
	<meta property="og:image:type" content="image/webp" />
<meta name="twitter:card" content="summary_large_image" />
<meta name="twitter:label1" content="Temps estimat de lectura" />
	<meta name="twitter:data1" content="1 minut" />
<script type="application/ld+json" class="yoast-schema-graph">{"@context":"https://schema.org","@graph":[{"@type":"WebPage","@id":"https://studionotable.tv/ca/_portfolio/educacio-financera/","url":"https://studionotable.tv/ca/_portfolio/educacio-financera/","name":"Educació financera - Notable","isPartOf":{"@id":"https://studionotable.tv/ca/#website"},"primaryImageOfPage":{"@id":"https://studionotable.tv/ca/_portfolio/educacio-financera/#primaryimage"},"image":{"@id":"https://studionotable.tv/ca/_portfolio/educacio-financera/#primaryimage"},"thumbnailUrl":"https://studionotable.tv/wp-content/uploads/2025/05/color-3cat.webp","datePublished":"2025-05-01T07:16:21+00:00","dateModified":"2025-05-14T08:39:26+00:00","description":"Motion Graphics per al programa de TV3 sobre educació financera, combinant visuals clars i un disseny dinàmic per fer que els conceptes complexos siguin fàcils d'entendre.","breadcrumb":{"@id":"https://studionotable.tv/ca/_portfolio/educacio-financera/#breadcrumb"},"inLanguage":"ca","potentialAction":[{"@type":"ReadAction","target":["https://studionotable.tv/ca/_portfolio/educacio-financera/"]}]},{"@type":"ImageObject","inLanguage":"ca","@id":"https://studionotable.tv/ca/_portfolio/educacio-financera/#primaryimage","url":"https://studionotable.tv/wp-content/uploads/2025/05/color-3cat.webp","contentUrl":"https://studionotable.tv/wp-content/uploads/2025/05/color-3cat.webp"},{"@type":"BreadcrumbList","@id":"https://studionotable.tv/ca/_portfolio/educacio-financera/#breadcrumb","itemListElement":[{"@type":"ListItem","position":1,"name":"Home","item":"https://studionotable.tv/ca/inici/"},{"@type":"ListItem","position":2,"name":"Portfolio","item":"https://studionotable.tv/ca/_portfolio/"},{"@type":"ListItem","position":3,"name":"Educació financera"}]},{"@type":"WebSite","@id":"https://studionotable.tv/ca/#website","url":"https://studionotable.tv/ca/","name":"https://studionotable.tv/","description":"","publisher":{"@id":"https://studionotable.tv/ca/#organization"},"potentialAction":[{"@type":"SearchAction","target":{"@type":"EntryPoint","urlTemplate":"https://studionotable.tv/ca/?s={search_term_string}"},"query-input":{"@type":"PropertyValueSpecification","valueRequired":true,"valueName":"search_term_string"}}],"inLanguage":"ca"},{"@type":"Organization","@id":"https://studionotable.tv/ca/#organization","name":"Notable Studio","url":"https://studionotable.tv/ca/","logo":{"@type":"ImageObject","inLanguage":"ca","@id":"https://studionotable.tv/ca/#/schema/logo/image/","url":"https://studionotable.tv/wp-content/uploads/2022/01/logo-notable-h.svg","contentUrl":"https://studionotable.tv/wp-content/uploads/2022/01/logo-notable-h.svg","width":401.46,"height":144.41,"caption":"Notable Studio"},"image":{"@id":"https://studionotable.tv/ca/#/schema/logo/image/"},"sameAs":["https://www.instagram.com/notablestudio.tv/","https://www.behance.net/studionotable","https://vimeo.com/studionotable"]}]}</script>
<!-- / Yoast SEO plugin. -->

Educació financera - Notable

Motion Graphics per al programa de TV3 sobre educació financera, combinant visuals clars i un disseny dinàmic per fer que els conceptes complexos siguin fàcils d'entendre.
